 8*d**2 - 8*d - 7. Let r(g) = i(g) - 5*z(g). What is the remainder when r(6) is divided by 3?
1
Suppose -2*h + 30 = v, 0*v - 5*v + h = -172. Let q = -332 - -373. Let x = 139 - q. Calculate the remainder when x is divided by v.
30
Suppose 5*p = 5*q - 2 + 7, -3*p + 2*q = -4. Let f be 4*1/(-2)*(-2)/(-2). Calculate the remainder when (-2)/f + (-10)/(80/(-24)) is divided by p.
0
Let s be 0*5/5 - -686. Suppose 43*t - 42*t = s. Suppose 14*f + 168 = t. What is the remainder when f is divided by 8?
5
Suppose 107*h - 577 = 6806. Let c = 26 - 14. Calculate the remainder when h is divided by c.
9
Let h(w) = 2*w**3 - 88*w**2 + 19*w - 510. What is the remainder when h(44) is divided by 58?
36
Let l be (6 - 5)/(-4)*0. Calculate the remainder when 133 is divided by 44 - (0 + (-2 - l)).
41
Suppose 2088 = -39*l + 8718. What is the remainder when 2545 is divided by l?
165
Suppose 9*y - 5653 = 1952. Let h = y + -338. What is the remainder when h is divided by 7?
3
Suppose 814*f = 817*f + 2*h - 932, 5*h - 926 = -3*f. Calculate the remainder when f is divided by 16.
8
Let b be (-4 + -127 + 4)*-3*1. Suppose -5*x + 10*i + b = 9*i, -2*x = -5*i - 134. Calculate the remainder when x is divided by 26.
25
Let y = 5856 + -5839. What is the remainder when 166 is divided by y?
13
Suppose 57*v = 82*v - 36*v + 1023. Calculate the remainder when v is divided by 93.
0
Let k = -1026 + 1052. Suppose -17 = a + 4*d, 0 = 3*a - a - d + 70. Calculate the remainder when 6/a + (-541)/(-11) is divided by k.
23
Let f(i) = -i**3 - 4*i**2 + 9*i + 8. Let c be f(-7). Suppose 6*a = c - 20. What is the remainder when (2/(-6))/(a/18)*-76 is divided by 22?
16
Let k(h) = h**3 + 9*h**2 - 3*h + 20. Let n be k(-8). Suppose 2*t - 5*d = n, 0*t + t - 56 = 3*d. Calculate the remainder when (-22)/t*2*47*-1 is divided by 12.
11
Let n(q) = 10*q + 5. Let b be (-32)/(-4) + 0 + 5. Let h = b + -5. Calculate the remainder when n(5) is divided by h.
7
Suppose -5*t + 222 = u, u + 92*t - 200 = 89*t. Suppose 0 = k, 2*a + k - 4*k = 48. What is the remainder when u is divided by a?
23
Suppose 4*r + 1 = -5*m + 19, 2*m = 3*r - 2. Suppose 3*d = -2*v + 322, m*d + 0*v = -5*v + 211. Let i = -27 + 64. What is the remainder when d is divided by i?
34
Suppose 2*h = -0*h + 66. Let u = 152 - 288. Let s = u + 143. Calculate the remainder when h is divided by s.
5
Let w(y) = -y**3 - 2*y**2 + 4*y - 6. Suppose 3*n - 10 = 2. Suppose -3*u - 53 = -d - n*d, d - 5*u = 15. Calculate the remainder when w(-5) is divided by d.
9
Let r(u) = -u**3 + 9*u**2 - 7*u - 4. Suppose 92*p - 6226 = 4998. Calculate the remainder when p is divided by r(6).
60
Let v = 303 + -178. Let x = 93 - 62. Let c = 47 - x. What is the remainder when v is divided by c?
13
Let l = -23423 - -24009. What is the remainder when l is divided by 145?
6
Suppose 68*q = 73*q - 20. Suppose 954 = q*l + 2*l. Calculate the remainder when l is divided by 41.
36
Let f be 0 - (-276 - (2 - -2)). Suppose 34*a = 35*a - f. Suppose r - 38 = -4*m, 0*r + 5*r + 2*m - a = 0. Calculate the remainder when r is divided by 15.
13
Let u(i) = -4*i**2 + 2*i + 5. Let o be u(6). Let j = 142 + o. Calculate the remainder when 72 is divided by j.
12
Let a be (206 - 8) + (0 - 4). Let v = a - 68. What is the remainder when v is divided by 20?
6
Let q be 104/10*(51 - -14). Calculate the remainder when 14/(-49) - q/(-14) is divided by 15 + 1 - (-18 - (9 + -26)).
14
Let c = 126 - 88. Suppose 7*f - 405 = -4*j + 6*f, 2*j = 4*f + 144. Calculate the remainder when j is divided by c.
22
Suppose -40*k + 37*k + 21 = 0, -5*k - 4495 = -5*d. What is the remainder when d is divided by 105?
66
Let w = -106 + -79. Let a = 354 + w. What is the remainder when a is divided by 43?
40
Let d(v) = 4*v**3 - 19*v + 40. What is the remainder when 1/(-5) - (-8658)/15 is divided by d(2)?
33
Suppose 4*u - 96 = -8*u. Let l(a) = 7*a - 28. Suppose 4*p + p = 970. Calculate the remainder when p is divided by l(u).
26
What is the remainder when 672 is divided by -10*(-162)/(-2160) + -1 + 166/8?
7
Let a(m) = 10*m**3 - 3*m**2 + m + 2. Let n(g) = -148*g - 4. Let j be n(3). What is the remainder when a(2) is divided by 5*(j/20)/(-4) - 3?
22
Suppose 3*f + f - 5*l + 1042 = 0, -520 = 2*f - 2*l. Let j(u) = 5*u**2 - 26*u + 9. Calculate the remainder when (f/12)/(2/(-12)) is divided by j(6).
30
Let v(z) = z**3 + 4*z**2 - 7*z. Let l be v(3). Suppose l = 3*y + h - 74, 2*y - 81 = 3*h. Calculate the remainder when 115 is divided by y.
37
Suppose 0 = -142*k + 141*k - 243. Let f = k - -274. What is the remainder when 118 is divided by f?
25
Let l = 1328 + 359. What is the remainder when l is divided by 843?
1
Let l = -127 - -210. Suppose l*j - 70 = 76*j. What is the remainder when 159 is divided by j?
9
Let q be (4 - 56/20)/((-2)/(-5)). Let k be 18/6 - 27/q. Let r = 13 - k. Calculate the remainder when r is divided by 10.
9
Let w = -39221 + 39234. Suppose 9 = -2*j - 4*a + 51, -3*j = -a - 77. Suppose 4*o = 5*c - 125, 3*c + 2*o = 2*c + j. What is the remainder when c is divided by w?
12
Let v(m) = 3*m**2 - 15*m + 11. Let j be v(9). Suppose -5*n = 0, -33 = -4*s - 4*n + j. Calculate the remainder when s is divided by 13.
12
Let p = -7679 - -9193. Calculate the remainder when p is divided by 21.
2
Suppose 139*x + 11046 = 114671 + 17305. What is the remainder when 4350 is divided by x?
0
What is the remainder when 1679 is divided by 27 - (1 + 3 - -6)?
13
Suppose 4*n = 2*b - 20, 0 = -3*b + 4*n + 13 + 11. Suppose 3*h = o + 362, b*o - 486 = -4*h + 2*o. Calculate the remainder when h is divided by 61.
60
Suppose -6*j + 24 = -3*j - 3*b, 4 = -j - 5*b. Let q = -5011 + 3394. Calculate the remainder when q/(-105) - 4/10 is divided by j.
3
Let y = 2022 + -1765. Calculate the remainder when y is divided by 26.
23
Suppose 17*d + 347 - 471 - 590 = 0. Calculate the remainder when (30/4)/((-1)/(-10)) is divided by d.
33
Suppose -1290 = 5*s + 4*j - 9*j, -3*s - 770 = -j. Let p = 260 + s. Calculate the remainder when 5 is divided by p.
1
Let r be 1598/(-8) + (-102)/(-136). Let o = -173 - r. Calculate the remainder when 50 is divided by o.
24
Suppose 40 = 2*n + 3*n. Let q(a) = -a**3 + 33*a**2 - 31*a - 35. Let s be q(32). Let i(g) = 6*g + 48. Calculate the remainder when i(s) is divided by n.
6
Let y = 19 - 6. Let v(f) = f**2 - 4*f - 7. Let g be v(5). What is the remainder when (2/4)/(-8*g/2400) is divided by y?
10
Let p(g) = -g**2 - 16*g - 62. Let a be p(-9). Calculate the remainder when (-9)/(63/(-301)) - (a + 2) is divided by 6.
4
Let i be (126346/(-308) - 4/14)*2. What is the remainder when (-105)/126 + i/(-6) is divided by 13?
6
Suppose 0 = 5*l - 0 - 270. Calculate the remainder when l is divided by (-4)/(-8 - -6) + (-2)/(-2).
0
Let c(k) = 3*k**2 - 2*k - 2. Let w = -4396 - -4494. Calculate the remainder when w is divided by c(2).
2
Let i = 3762 - 3684. What is the remainder when 221 is divided by i?
65
Let h be (2/(-9)*6)/(12/18). What is the remainder when -2*h/(-20) - (-532)/10 is divided by 21?
11
Suppose -3*o + 6 = 0, 2*a - 4*a - 88 = o. Suppose -z + 2*u - 50 = 0, -5*z + 4*u - 130 - 150 = 0. Let c = a - z. What is the remainder when c is divided by 8?
7
Let l(n) = 31*n + 684. Let m be l(-22). Suppose 3*c - 73 + 4 = 0. What is the remainder when 68 is divided by (c/m)/(-4*(-3)/24)?
22
Suppose 3*q + 2*q - 35 = 0. Let y(o) = -o**2 + 8*o - 10. Let f be y(q). Calculate the remainder when 29 is divided by (f/(-2))/((-9)/(-60)).
9
Suppose 44 = 4*l - 20. Let d = -13 + l. Calculate the remainder when 93 is divided by d/((-48)/76)*(1 + -5).
17
Let a(p) = -25*p + 188. Let f be a(6). Suppose -3*x + 61 = -f. What is the remainder when 96 is divided by x?
30
Let i(j) = -25*j**3 - j**2 + 4*j - 6. Let n be i(2). Let p = 229 + n. What is the remainder when p is divided by 8?
3
Suppose -535 - 185 = 12*p. Let r = p + 72. Calculate the remainder when 46 is divided by r.
10
Let z = 6103 - 5977. Calculate the remainder when 275 is divided by z.
23
Suppose 5*t - 119 = -2*p, 4*t - 327 = -4*p - 71. Calculate the remainder when p is divided by 606/4444 - (-1509)/66.
21
Suppose f - 5 = 0, -5*f + 0*f = 2*q - 375. Calculate the remainder when q is divided by 31.
20
Let a(w) = -16*w - 130. What is the remainder when 592 is divided by a(-9)?
4
Suppose -2445 = -13*i + 16025 + 1329. What is the remaind